{"id":835,"date":"2022-04-24T21:22:02","date_gmt":"2022-04-24T19:22:02","guid":{"rendered":"http:\/\/musiquedansa.com\/musique\/?page_id=835"},"modified":"2025-08-25T17:16:49","modified_gmt":"2025-08-25T15:16:49","slug":"qui-som","status":"publish","type":"page","link":"https:\/\/musiquedansa.com\/musique\/qui-som\/","title":{"rendered":"Qui som"},"content":{"rendered":"<p>[et_pb_section fb_built=&#8221;1&#8243; admin_label=&#8221;Header&#8221; _builder_version=&#8221;4.17.4&#8243; background_color=&#8221;#FFF1C6&#8243; background_color_gradient_direction=&#8221;140deg&#8221; background_enable_image=&#8221;off&#8221; background_enable_mask_style=&#8221;on&#8221; background_mask_style=&#8221;corner-square&#8221; max_width=&#8221;100%&#8221; custom_padding=&#8221;2vw||2vw|10vw|true|false&#8221; locked=&#8221;off&#8221; global_colors_info=&#8221;{}&#8221;][et_pb_row _builder_version=&#8221;4.16&#8243; width=&#8221;90%&#8221; max_width=&#8221;none&#8221; locked=&#8221;off&#8221; global_colors_info=&#8221;{}&#8221;][et_pb_column type=&#8221;4_4&#8243; _builder_version=&#8221;4.16&#8243; global_colors_info=&#8221;{}&#8221;][et_pb_text _builder_version=&#8221;4.17.3&#8243; header_font=&#8221;Playfair Display|700|||||||&#8221; header_text_align=&#8221;left&#8221; header_font_size=&#8221;140px&#8221; header_line_height=&#8221;1.2em&#8221; header_2_font=&#8221;Playfair Display|700|||||||&#8221; header_2_font_size=&#8221;20px&#8221; header_2_line_height=&#8221;1.2em&#8221; custom_margin=&#8221;||1px|||&#8221; header_font_size_tablet=&#8221;80px&#8221; header_font_size_phone=&#8221;40px&#8221; header_font_size_last_edited=&#8221;on|phone&#8221; locked=&#8221;off&#8221; global_colors_info=&#8221;{}&#8221;]<\/p>\n<h1>Qui som<\/h1>\n<p>[\/et_pb_text][et_pb_text _builder_version=&#8221;4.17.3&#8243; header_font=&#8221;Playfair Display|700|||||||&#8221; header_text_align=&#8221;left&#8221; header_font_size=&#8221;140px&#8221; header_line_height=&#8221;1.2em&#8221; header_2_font=&#8221;Playfair Display|700|||||||&#8221; header_2_font_size=&#8221;20px&#8221; header_2_line_height=&#8221;1.2em&#8221; custom_padding=&#8221;|||12vh|false|false&#8221; header_font_size_tablet=&#8221;80px&#8221; header_font_size_phone=&#8221;40px&#8221; header_font_size_last_edited=&#8221;on|phone&#8221; locked=&#8221;off&#8221; global_colors_info=&#8221;{}&#8221;]<\/p>\n<h3><\/h3>\n<p>[\/et_pb_text][et_pb_divider color=&#8221;#FFF1C6&#8243; divider_weight=&#8221;7px&#8221; _builder_version=&#8221;4.17.4&#8243; _module_preset=&#8221;default&#8221; width=&#8221;38%&#8221; max_width=&#8221;48%&#8221; module_alignment=&#8221;left&#8221; custom_margin=&#8221;-3vh||||false|false&#8221; custom_padding=&#8221;|13vh||11vh|false|false&#8221; global_colors_info=&#8221;{}&#8221;][\/et_pb_divider][\/et_pb_column][\/et_pb_row][\/et_pb_section][et_pb_section fb_built=&#8221;1&#8243; admin_label=&#8221;Portfolio&#8221; _builder_version=&#8221;4.17.4&#8243; background_enable_image=&#8221;off&#8221; background_size=&#8221;initial&#8221; background_position=&#8221;center_right&#8221; custom_padding=&#8221;||0px|||&#8221; background_last_edited=&#8221;on|phone&#8221; background_enable_image_tablet=&#8221;off&#8221; box_shadow_style=&#8221;preset7&#8243; box_shadow_horizontal=&#8221;8vw&#8221; box_shadow_vertical=&#8221;0px&#8221; box_shadow_color=&#8221;#FFF1C6&#8243; locked=&#8221;off&#8221; global_colors_info=&#8221;{}&#8221;][et_pb_row column_structure=&#8221;2_3,1_3&#8243; use_custom_gutter=&#8221;on&#8221; gutter_width=&#8221;2&#8243; _builder_version=&#8221;4.17.3&#8243; global_colors_info=&#8221;{}&#8221;][et_pb_column type=&#8221;2_3&#8243; _builder_version=&#8221;4.16&#8243; global_colors_info=&#8221;{}&#8221;][et_pb_text _builder_version=&#8221;4.17.3&#8243; _module_preset=&#8221;default&#8221; text_font_size=&#8221;16px&#8221; text_orientation=&#8221;justified&#8221; custom_padding=&#8221;||3vw||false|false&#8221; global_colors_info=&#8221;{}&#8221;]<\/p>\n<p><strong>&#8220;Musique Dansa&#8221;<\/strong> \u00e9s una escola especialitzada en l&#8217;<strong>Street Dance (Hip Hop, Popping, Locking, Jazz Rock, Robot Dance) i la Dansa Contempor\u00e0nia<\/strong>.<\/p>\n<p><strong>Dirigida per Kanga Valls<\/strong>, ballar\u00ed i core\u00f2graf catal\u00e0 amb una carrera de <strong>20 anys com a docent i sobre els escenaris. Fundador, core\u00f2graf i ballar\u00ed de la companyia Kulbik Dance<\/strong> (guanyadors del programa televisiu &#8220;T\u00fa S\u00ed Que Vales&#8221; 2011), ha viatjat per tota Espanya, R\u00fassia, B\u00e8lgica i Fran\u00e7a (aquest \u00faltim pa\u00eds presentant l&#8217;espectacle &#8220;CUBE&#8221; al festival d&#8217;Avignon 2014), presentant els seus espectacles al Mercat de les Flors de Barcelona: &#8220;CAMINS&#8221;, 2014 i &#8220;InSomni&#8221;, 2015. Aquest \u00faltim projecte en col\u00b7laboraci\u00f3 amb la Cobla de Sant Jordi, en el qual es va crear un espectacle de fusi\u00f3 de la m\u00fasica tradicional catalana amb l&#8217;street dance, amb una acceptaci\u00f3 m\u00e9s que notable per part del p\u00fablic.<\/p>\n<p><strong>Com a docent ha ensenyat a It\u00e0lia<\/strong> (en tour per diferents ciutats, inclosa Roma), Alemanya (Frankfurt, Munich, Lorr\u00e4c, a l&#8217;URBAN DANCE CAMP 2006, 2007 i 2008), <strong>R\u00fassia<\/strong> (Moscow durant 10 anys), <strong>Fran\u00e7a<\/strong> (Par\u00eds, Toulousse, Montpellier, Saint Tropez, Lyon&#8230;), <strong>Anglaterra<\/strong> (Londres) i <strong>Su\u00efssa<\/strong> (Biel, Bienne).<\/p>\n<p>Ara ha arribat el moment de donar un pas endavant i plantar f\u00edsicament un espai que representi la feina d&#8217;aquest core\u00f2graf i docent, per investigar sobre la dansa i d&#8217;aquesta manera <strong>arribar als escenaris amb les noves generacions de ballarins que vulguin aprendre aquests estils de ball mitjan\u00e7ant les formacions que s&#8217;ofereixen, classes dirigides per a la especialitzaci\u00f3 en estils i freestyle i preparaci\u00f3 per a competicions<\/strong>.<\/p>\n<p>Aquesta \u00faltima \u00e9s una part a tenir en compte ja que Kanga Valls porta 20 anys portant grups de Hip Hop a competici\u00f3 amb uns resultats molt positius, un palmar\u00e8s de diversos grups campions d&#8217;Espanya des de 2022 fins l&#8217;actualitat, tamb\u00e9 segones i terceres posicions, campios d&#8217;Europa 2005 al campionat cel\u00b7lebrat a Lido di Jesolo (It\u00e0lia). En competici\u00f3 individual, preparador i core\u00f2graf de T\u00e0nia Cornet, campiona del m\u00f3n 2016 a la competici\u00f3 cel\u00b7lebrada a Jersey (Anglaterra) i core\u00f2graf del grup de Tap Dance &#8220;Vortex&#8221; (Mosc\u00fa) campions del m\u00f3n amb una coreografia de fusi\u00f3 entre el Tap i el Hip Hop.<\/p>\n<p><strong>A l&#8217;escola, tamb\u00e9 hi ha espai per a la gent interessada en la dansa com un estil de vida sense obligacions<\/strong>, ja que tamb\u00e9 oferim classes tant per a adults com nens i nenes que vulguin ballar sense competir, sense tenir una obligaci\u00f3 d&#8217;assist\u00e8ncia, simplement per al plaer de ballar.<\/p>\n<p><strong>Anima&#8217;t i vine a provar MUSIQUE DANSA!<\/strong><\/p>\n<p>[\/et_pb_text][\/et_pb_column][et_pb_column type=&#8221;1_3&#8243; _builder_version=&#8221;4.17.3&#8243; custom_padding=&#8221;||||false|false&#8221; custom_padding_tablet=&#8221;0px||||false|false&#8221; custom_padding_phone=&#8221;&#8221; custom_padding_last_edited=&#8221;on|tablet&#8221; global_colors_info=&#8221;{}&#8221;][et_pb_image src=&#8221;https:\/\/musiquedansa.com\/musique\/wp-content\/uploads\/2022\/05\/1.jpg&#8221; show_bottom_space=&#8221;off&#8221; _builder_version=&#8221;4.17.4&#8243; z_index=&#8221;11&#8243; box_shadow_style=&#8221;preset4&#8243; box_shadow_color=&#8221;#FFF1C6&#8243; global_colors_info=&#8221;{}&#8221;][\/et_pb_image][\/et_pb_column][\/et_pb_row][\/et_pb_section]<\/p>\n","protected":false},"excerpt":{"rendered":"<p>Qui som&#8221;Musique Dansa&#8221; \u00e9s una escola especialitzada en l&#8217;Street Dance (Hip Hop, Popping, Locking, Jazz Rock, Robot Dance) i la Dansa Contempor\u00e0nia. Dirigida per Kanga Valls, ballar\u00ed i core\u00f2graf catal\u00e0 amb una carrera de 20 anys com a docent i sobre els escenaris. Fundador, core\u00f2graf i ballar\u00ed de la companyia Kulbik Dance (guanyadors del programa [&hellip;]<\/p>\n","protected":false},"author":1,"featured_media":0,"parent":0,"menu_order":1,"comment_status":"closed","ping_status":"closed","template":"","meta":{"_et_pb_use_builder":"on","_et_pb_old_content":"","_et_gb_content_width":"","footnotes":""},"folder":[],"class_list":["post-835","page","type-page","status-publish","hentry"],"_links":{"self":[{"href":"https:\/\/musiquedansa.com\/musique\/wp-json\/wp\/v2\/pages\/835","targetHints":{"allow":["GET"]}}],"collection":[{"href":"https:\/\/musiquedansa.com\/musique\/wp-json\/wp\/v2\/pages"}],"about":[{"href":"https:\/\/musiquedansa.com\/musique\/wp-json\/wp\/v2\/types\/page"}],"author":[{"embeddable":true,"href":"https:\/\/musiquedansa.com\/musique\/wp-json\/wp\/v2\/users\/1"}],"replies":[{"embeddable":true,"href":"https:\/\/musiquedansa.com\/musique\/wp-json\/wp\/v2\/comments?post=835"}],"version-history":[{"count":7,"href":"https:\/\/musiquedansa.com\/musique\/wp-json\/wp\/v2\/pages\/835\/revisions"}],"predecessor-version":[{"id":1077,"href":"https:\/\/musiquedansa.com\/musique\/wp-json\/wp\/v2\/pages\/835\/revisions\/1077"}],"wp:attachment":[{"href":"https:\/\/musiquedansa.com\/musique\/wp-json\/wp\/v2\/media?parent=835"}],"wp:term":[{"taxonomy":"folder","embeddable":true,"href":"https:\/\/musiquedansa.com\/musique\/wp-json\/wp\/v2\/folder?post=835"}],"curies":[{"name":"wp","href":"https:\/\/api.w.org\/{rel}","templated":true}]}}